{"id":115,"date":"2024-04-11T14:15:38","date_gmt":"2024-04-11T12:15:38","guid":{"rendered":"https:\/\/odelialaboratoires.fr\/?page_id=115"},"modified":"2024-04-12T11:17:44","modified_gmt":"2024-04-12T09:17:44","slug":"nos-services","status":"publish","type":"page","link":"https:\/\/odelialaboratoires.fr\/index.php\/nos-services\/","title":{"rendered":"Nos services"},"content":{"rendered":"\t\t<div data-elementor-type=\"wp-page\" data-elementor-id=\"115\" class=\"elementor elementor-115\">\n\t\t\t\t<div class=\"elementor-element elementor-element-779e419c e-con-full e-flex e-con e-parent\" data-id=\"779e419c\" data-element_type=\"container\" id=\"next\" data-core-v316-plus=\"true\">\n\t\t\t\t<div class=\"elementor-element elementor-element-138ec28 elementor-widget elementor-widget-heading\" data-id=\"138ec28\" data-element_type=\"widget\" data-widget_type=\"heading.default\">\n\t\t\t\t<div class=\"elementor-widget-container\">\n\t\t\t<style>\/*! elementor - v3.20.0 - 26-03-2024 *\/\n.elementor-heading-title{padding:0;margin:0;line-height:1}.elementor-widget-heading .elementor-heading-title[class*=elementor-size-]>a{color:inherit;font-size:inherit;line-height:inherit}.elementor-widget-heading .elementor-heading-title.elementor-size-small{font-size:15px}.elementor-widget-heading .elementor-heading-title.elementor-size-medium{font-size:19px}.elementor-widget-heading .elementor-heading-title.elementor-size-large{font-size:29px}.elementor-widget-heading .elementor-heading-title.elementor-size-xl{font-size:39px}.elementor-widget-heading .elementor-heading-title.elementor-size-xxl{font-size:59px}<\/style><h3 class=\"elementor-heading-title elementor-size-default\">Nos services<\/h3>\t\t<\/div>\n\t\t\t\t<\/div>\n\t\t<div class=\"elementor-element elementor-element-2b851e3a e-con-full e-flex e-con e-child\" data-id=\"2b851e3a\" data-element_type=\"container\">\n\t\t<div class=\"elementor-element elementor-element-11a437a0 e-con-full e-flex e-con e-child\" data-id=\"11a437a0\" data-element_type=\"container\">\n\t\t\t\t<div class=\"elementor-element elementor-element-3e2c4a0d elementor-widget elementor-widget-image-box\" data-id=\"3e2c4a0d\" data-element_type=\"widget\" data-widget_type=\"image-box.default\">\n\t\t\t\t<div class=\"elementor-widget-container\">\n\t\t\t<style>\/*! elementor - v3.20.0 - 26-03-2024 *\/\n.elementor-widget-image-box .elementor-image-box-content{width:100%}@media (min-width:768px){.elementor-widget-image-box.elementor-position-left .elementor-image-box-wrapper,.elementor-widget-image-box.elementor-position-right .elementor-image-box-wrapper{display:flex}.elementor-widget-image-box.elementor-position-right .elementor-image-box-wrapper{text-align:right;flex-direction:row-reverse}.elementor-widget-image-box.elementor-position-left .elementor-image-box-wrapper{text-align:left;flex-direction:row}.elementor-widget-image-box.elementor-position-top .elementor-image-box-img{margin:auto}.elementor-widget-image-box.elementor-vertical-align-top .elementor-image-box-wrapper{align-items:flex-start}.elementor-widget-image-box.elementor-vertical-align-middle .elementor-image-box-wrapper{align-items:center}.elementor-widget-image-box.elementor-vertical-align-bottom .elementor-image-box-wrapper{align-items:flex-end}}@media (max-width:767px){.elementor-widget-image-box .elementor-image-box-img{margin-left:auto!important;margin-right:auto!important;margin-bottom:15px}}.elementor-widget-image-box .elementor-image-box-img{display:inline-block}.elementor-widget-image-box .elementor-image-box-title a{color:inherit}.elementor-widget-image-box .elementor-image-box-wrapper{text-align:center}.elementor-widget-image-box .elementor-image-box-description{margin:0}<\/style><div class=\"elementor-image-box-wrapper\"><div class=\"elementor-image-box-content\"><h4 class=\"elementor-image-box-title\"><a href=\"#\">Fournisseur de Nigella Sativa<\/a><\/h4><p class=\"elementor-image-box-description\">Gr\u00e2ce \u00e0 nos relations privil\u00e9gi\u00e9es avec de nombreux producteurs dans plusieurs pays, nous pouvons fournir de l\u2019huile de nigelle en vrac, avec des taux de thymoquinone vari\u00e9s, et des techniques d\u2019extraction qui peuvent diff\u00e9rer d\u2019un producteur \u00e0 l\u2019autre.<\/p><\/div><\/div>\t\t<\/div>\n\t\t\t\t<\/div>\n\t\t\t\t<\/div>\n\t\t<div class=\"elementor-element elementor-element-7c4ac768 e-con-full e-flex e-con e-child\" data-id=\"7c4ac768\" data-element_type=\"container\">\n\t\t\t\t<div class=\"elementor-element elementor-element-57d13f86 elementor-widget elementor-widget-image-box\" data-id=\"57d13f86\" data-element_type=\"widget\" data-widget_type=\"image-box.default\">\n\t\t\t\t<div class=\"elementor-widget-container\">\n\t\t\t<div class=\"elementor-image-box-wrapper\"><div class=\"elementor-image-box-content\"><h4 class=\"elementor-image-box-title\"><a href=\"#\">Formulateur<\/a><\/h4><p class=\"elementor-image-box-description\">Formulateur de recettes en compl\u00e9ments alimentaires et cosm\u00e9tiques \u00e0 base de nigelle. Selon cahier des charges d\u00e9fini par le client. Nous pouvons produire pour le compte du client selon les all\u00e9gations recherch\u00e9es.\n<\/p><\/div><\/div>\t\t<\/div>\n\t\t\t\t<\/div>\n\t\t\t\t<\/div>\n\t\t<div class=\"elementor-element elementor-element-25ea9c3a e-con-full e-flex e-con e-child\" data-id=\"25ea9c3a\" data-element_type=\"container\">\n\t\t\t\t<div class=\"elementor-element elementor-element-4f35d806 elementor-widget elementor-widget-image-box\" data-id=\"4f35d806\" data-element_type=\"widget\" data-widget_type=\"image-box.default\">\n\t\t\t\t<div class=\"elementor-widget-container\">\n\t\t\t<div class=\"elementor-image-box-wrapper\"><div class=\"elementor-image-box-content\"><h4 class=\"elementor-image-box-title\"><a href=\"#\">Fournisseur de gammes en marque blanche<\/a><\/h4><p class=\"elementor-image-box-description\">A partir de notre catalogue existant \u00e0 base de nigelle, nous pouvons fournir des compl\u00e9ments alimentaires et des cosm\u00e9tiques en marque blanche: capsules molles, g\u00e9lules, poudre, etc.\n<\/p><\/div><\/div>\t\t<\/div>\n\t\t\t\t<\/div>\n\t\t\t\t<\/div>\n\t\t<div class=\"elementor-element elementor-element-4814b4c2 e-con-full e-flex e-con e-child\" data-id=\"4814b4c2\" data-element_type=\"container\">\n\t\t\t\t<div class=\"elementor-element elementor-element-337a0431 elementor-widget elementor-widget-image-box\" data-id=\"337a0431\" data-element_type=\"widget\" data-widget_type=\"image-box.default\">\n\t\t\t\t<div class=\"elementor-widget-container\">\n\t\t\t<div class=\"elementor-image-box-wrapper\"><div class=\"elementor-image-box-content\"><h4 class=\"elementor-image-box-title\"><a href=\"#\">Start-up Studio<\/a><\/h4><p class=\"elementor-image-box-description\">Vous accompagner jusqu\u2019\u00e0 la commercialisation. Au-del\u00e0 de la Recherche sur toutes les possibilit\u00e9s de l\u2019ingr\u00e9dient Nigella sativa, ODELIA Laboratoires poss\u00e8de des \u00e9quipes rompues au d\u00e9veloppement commercial de votre marque. Que vous soyez start-up ou marque de taille interm\u00e9diaire, nous pouvons vous accompagner en amont de votre projet, jusque dans le d\u00e9veloppement digital ou commercial de votre gamme.\n<\/p><\/div><\/div>\t\t<\/div>\n\t\t\t\t<\/div>\n\t\t\t\t<\/div>\n\t\t\t\t<\/div>\n\t\t\t\t<\/div>\n\t\t<div class=\"elementor-element elementor-element-8fd7b57 e-flex e-con-boxed e-con e-parent\" data-id=\"8fd7b57\" data-element_type=\"container\" data-core-v316-plus=\"true\">\n\t\t\t\t\t<div class=\"e-con-inner\">\n\t\t\t\t<div class=\"elementor-element elementor-element-6f4d764 elementor-widget elementor-widget-image-gallery\" data-id=\"6f4d764\" data-element_type=\"widget\" data-widget_type=\"image-gallery.default\">\n\t\t\t\t<div class=\"elementor-widget-container\">\n\t\t\t<style>\/*! elementor - v3.20.0 - 26-03-2024 *\/\n.elementor-image-gallery .gallery-item{display:inline-block;text-align:center;vertical-align:top;width:100%;max-width:100%;margin:0 auto}.elementor-image-gallery .gallery-item img{margin:0 auto}.elementor-image-gallery .gallery-item .gallery-caption{margin:0}.elementor-image-gallery figure img{display:block}.elementor-image-gallery figure figcaption{width:100%}.gallery-spacing-custom .elementor-image-gallery .gallery-icon{padding:0}@media (min-width:768px){.elementor-image-gallery .gallery-columns-2 .gallery-item{max-width:50%}.elementor-image-gallery .gallery-columns-3 .gallery-item{max-width:33.33%}.elementor-image-gallery .gallery-columns-4 .gallery-item{max-width:25%}.elementor-image-gallery .gallery-columns-5 .gallery-item{max-width:20%}.elementor-image-gallery .gallery-columns-6 .gallery-item{max-width:16.666%}.elementor-image-gallery .gallery-columns-7 .gallery-item{max-width:14.28%}.elementor-image-gallery .gallery-columns-8 .gallery-item{max-width:12.5%}.elementor-image-gallery .gallery-columns-9 .gallery-item{max-width:11.11%}.elementor-image-gallery .gallery-columns-10 .gallery-item{max-width:10%}}@media (min-width:480px) and (max-width:767px){.elementor-image-gallery .gallery.gallery-columns-2 .gallery-item,.elementor-image-gallery .gallery.gallery-columns-3 .gallery-item,.elementor-image-gallery .gallery.gallery-columns-4 .gallery-item,.elementor-image-gallery .gallery.gallery-columns-5 .gallery-item,.elementor-image-gallery .gallery.gallery-columns-6 .gallery-item,.elementor-image-gallery .gallery.gallery-columns-7 .gallery-item,.elementor-image-gallery .gallery.gallery-columns-8 .gallery-item,.elementor-image-gallery .gallery.gallery-columns-9 .gallery-item,.elementor-image-gallery .gallery.gallery-columns-10 .gallery-item{max-width:50%}}@media (max-width:479px){.elementor-image-gallery .gallery.gallery-columns-2 .gallery-item,.elementor-image-gallery .gallery.gallery-columns-3 .gallery-item,.elementor-image-gallery .gallery.gallery-columns-4 .gallery-item,.elementor-image-gallery .gallery.gallery-columns-5 .gallery-item,.elementor-image-gallery .gallery.gallery-columns-6 .gallery-item,.elementor-image-gallery .gallery.gallery-columns-7 .gallery-item,.elementor-image-gallery .gallery.gallery-columns-8 .gallery-item,.elementor-image-gallery .gallery.gallery-columns-9 .gallery-item,.elementor-image-gallery .gallery.gallery-columns-10 .gallery-item{max-width:100%}}<\/style>\t\t<div class=\"elementor-image-gallery\">\n\t\t\t<div id='gallery-1' class='gallery galleryid-115 gallery-columns-4 gallery-size-large'><figure class='gallery-item'>\n\t\t\t<div class='gallery-icon landscape'>\n\t\t\t\t<a data-elementor-open-lightbox=\"yes\" data-elementor-lightbox-slideshow=\"6f4d764\" data-elementor-lightbox-title=\"IMG_4779\" data-e-action-hash=\"#elementor-action%3Aaction%3Dlightbox%26settings%3DeyJpZCI6MzExLCJ1cmwiOiJodHRwczpcL1wvb2RlbGlhbGFib3JhdG9pcmVzLmZyXC93cC1jb250ZW50XC91cGxvYWRzXC8yMDI0XC8wNFwvSU1HXzQ3NzktZTE3MTI5MDQ4MDc3NDAucG5nIiwic2xpZGVzaG93IjoiNmY0ZDc2NCJ9\" href='https:\/\/odelialaboratoires.fr\/wp-content\/uploads\/2024\/04\/IMG_4779-e1712904807740.png'><img fetchpriority=\"high\" decoding=\"async\" width=\"800\" height=\"800\" src=\"https:\/\/odelialaboratoires.fr\/wp-content\/uploads\/2024\/04\/IMG_4779-e1712904807740-1024x1024.png\" class=\"attachment-large size-large\" alt=\"\" srcset=\"https:\/\/odelialaboratoires.fr\/wp-content\/uploads\/2024\/04\/IMG_4779-e1712904807740-1024x1024.png 1024w, https:\/\/odelialaboratoires.fr\/wp-content\/uploads\/2024\/04\/IMG_4779-e1712904807740-300x300.png 300w, https:\/\/odelialaboratoires.fr\/wp-content\/uploads\/2024\/04\/IMG_4779-e1712904807740-150x150.png 150w, https:\/\/odelialaboratoires.fr\/wp-content\/uploads\/2024\/04\/IMG_4779-e1712904807740-768x768.png 768w, https:\/\/odelialaboratoires.fr\/wp-content\/uploads\/2024\/04\/IMG_4779-e1712904807740-1536x1536.png 1536w, https:\/\/odelialaboratoires.fr\/wp-content\/uploads\/2024\/04\/IMG_4779-e1712904807740-2048x2048.png 2048w\" sizes=\"(max-width: 800px) 100vw, 800px\" \/><\/a>\n\t\t\t<\/div><\/figure><figure class='gallery-item'>\n\t\t\t<div class='gallery-icon landscape'>\n\t\t\t\t<a data-elementor-open-lightbox=\"yes\" data-elementor-lightbox-slideshow=\"6f4d764\" data-elementor-lightbox-title=\"IMG_4774\" data-e-action-hash=\"#elementor-action%3Aaction%3Dlightbox%26settings%3DeyJpZCI6MzEyLCJ1cmwiOiJodHRwczpcL1wvb2RlbGlhbGFib3JhdG9pcmVzLmZyXC93cC1jb250ZW50XC91cGxvYWRzXC8yMDI0XC8wNFwvSU1HXzQ3NzQtZTE3MTI5MDQ3NjQ4MDAucG5nIiwic2xpZGVzaG93IjoiNmY0ZDc2NCJ9\" href='https:\/\/odelialaboratoires.fr\/wp-content\/uploads\/2024\/04\/IMG_4774-e1712904764800.png'><img decoding=\"async\" width=\"800\" height=\"800\" src=\"https:\/\/odelialaboratoires.fr\/wp-content\/uploads\/2024\/04\/IMG_4774-e1712904764800-1024x1024.png\" class=\"attachment-large size-large\" alt=\"\" srcset=\"https:\/\/odelialaboratoires.fr\/wp-content\/uploads\/2024\/04\/IMG_4774-e1712904764800-1024x1024.png 1024w, https:\/\/odelialaboratoires.fr\/wp-content\/uploads\/2024\/04\/IMG_4774-e1712904764800-300x300.png 300w, https:\/\/odelialaboratoires.fr\/wp-content\/uploads\/2024\/04\/IMG_4774-e1712904764800-150x150.png 150w, https:\/\/odelialaboratoires.fr\/wp-content\/uploads\/2024\/04\/IMG_4774-e1712904764800-768x768.png 768w, https:\/\/odelialaboratoires.fr\/wp-content\/uploads\/2024\/04\/IMG_4774-e1712904764800-1536x1536.png 1536w, https:\/\/odelialaboratoires.fr\/wp-content\/uploads\/2024\/04\/IMG_4774-e1712904764800-2048x2048.png 2048w\" sizes=\"(max-width: 800px) 100vw, 800px\" \/><\/a>\n\t\t\t<\/div><\/figure><figure class='gallery-item'>\n\t\t\t<div class='gallery-icon landscape'>\n\t\t\t\t<a data-elementor-open-lightbox=\"yes\" data-elementor-lightbox-slideshow=\"6f4d764\" data-elementor-lightbox-title=\"IMG_3707\" data-e-action-hash=\"#elementor-action%3Aaction%3Dlightbox%26settings%3DeyJpZCI6MzEzLCJ1cmwiOiJodHRwczpcL1wvb2RlbGlhbGFib3JhdG9pcmVzLmZyXC93cC1jb250ZW50XC91cGxvYWRzXC8yMDI0XC8wNFwvSU1HXzM3MDctZTE3MTI5MDQ3MjE1MjIucG5nIiwic2xpZGVzaG93IjoiNmY0ZDc2NCJ9\" href='https:\/\/odelialaboratoires.fr\/wp-content\/uploads\/2024\/04\/IMG_3707-e1712904721522.png'><img decoding=\"async\" width=\"800\" height=\"800\" src=\"https:\/\/odelialaboratoires.fr\/wp-content\/uploads\/2024\/04\/IMG_3707-e1712904721522-1024x1024.png\" class=\"attachment-large size-large\" alt=\"\" srcset=\"https:\/\/odelialaboratoires.fr\/wp-content\/uploads\/2024\/04\/IMG_3707-e1712904721522-1024x1024.png 1024w, https:\/\/odelialaboratoires.fr\/wp-content\/uploads\/2024\/04\/IMG_3707-e1712904721522-300x300.png 300w, https:\/\/odelialaboratoires.fr\/wp-content\/uploads\/2024\/04\/IMG_3707-e1712904721522-150x150.png 150w, https:\/\/odelialaboratoires.fr\/wp-content\/uploads\/2024\/04\/IMG_3707-e1712904721522-768x768.png 768w, https:\/\/odelialaboratoires.fr\/wp-content\/uploads\/2024\/04\/IMG_3707-e1712904721522-1536x1536.png 1536w, https:\/\/odelialaboratoires.fr\/wp-content\/uploads\/2024\/04\/IMG_3707-e1712904721522-2048x2048.png 2048w\" sizes=\"(max-width: 800px) 100vw, 800px\" \/><\/a>\n\t\t\t<\/div><\/figure><figure class='gallery-item'>\n\t\t\t<div class='gallery-icon landscape'>\n\t\t\t\t<a data-elementor-open-lightbox=\"yes\" data-elementor-lightbox-slideshow=\"6f4d764\" data-elementor-lightbox-title=\"Instagram Image Mars 2024 (26-03-2024)\" data-e-action-hash=\"#elementor-action%3Aaction%3Dlightbox%26settings%3DeyJpZCI6MzE0LCJ1cmwiOiJodHRwczpcL1wvb2RlbGlhbGFib3JhdG9pcmVzLmZyXC93cC1jb250ZW50XC91cGxvYWRzXC8yMDI0XC8wNFwvSW5zdGFncmFtLUltYWdlLU1hcnMtMjAyNC0yNi0wMy0yMDI0LS5wbmciLCJzbGlkZXNob3ciOiI2ZjRkNzY0In0%3D\" href='https:\/\/odelialaboratoires.fr\/wp-content\/uploads\/2024\/04\/Instagram-Image-Mars-2024-26-03-2024-.png'><img loading=\"lazy\" decoding=\"async\" width=\"800\" height=\"800\" src=\"https:\/\/odelialaboratoires.fr\/wp-content\/uploads\/2024\/04\/Instagram-Image-Mars-2024-26-03-2024--1024x1024.png\" class=\"attachment-large size-large\" alt=\"\" srcset=\"https:\/\/odelialaboratoires.fr\/wp-content\/uploads\/2024\/04\/Instagram-Image-Mars-2024-26-03-2024--1024x1024.png 1024w, https:\/\/odelialaboratoires.fr\/wp-content\/uploads\/2024\/04\/Instagram-Image-Mars-2024-26-03-2024--300x300.png 300w, https:\/\/odelialaboratoires.fr\/wp-content\/uploads\/2024\/04\/Instagram-Image-Mars-2024-26-03-2024--150x150.png 150w, https:\/\/odelialaboratoires.fr\/wp-content\/uploads\/2024\/04\/Instagram-Image-Mars-2024-26-03-2024--768x768.png 768w, https:\/\/odelialaboratoires.fr\/wp-content\/uploads\/2024\/04\/Instagram-Image-Mars-2024-26-03-2024-.png 1080w\" sizes=\"(max-width: 800px) 100vw, 800px\" \/><\/a>\n\t\t\t<\/div><\/figure>\n\t\t<\/div>\n\t\t<\/div>\n\t\t\t\t<\/div>\n\t\t\t\t<\/div>\n\t\t\t\t\t<\/div>\n\t\t\t\t<\/div>\n\t\t<div class=\"elementor-element elementor-element-7b70e50b e-con-full e-flex e-con e-parent\" data-id=\"7b70e50b\" data-element_type=\"container\" data-settings=\"{&quot;background_background&quot;:&quot;classic&quot;}\" data-core-v316-plus=\"true\">\n\t\t\t\t<div class=\"elementor-element elementor-element-12f4630 elementor-widget elementor-widget-heading\" data-id=\"12f4630\" data-element_type=\"widget\" data-widget_type=\"heading.default\">\n\t\t\t\t<div class=\"elementor-widget-container\">\n\t\t\t<p class=\"elementor-heading-title elementor-size-default\">\u00a9 Tous droits r\u00e9serv\u00e9s<\/p>\t\t<\/div>\n\t\t\t\t<\/div>\n\t\t\t\t<\/div>\n\t\t\t\t<\/div>\n\t\t","protected":false},"excerpt":{"rendered":"<p>Nos services Fournisseur de Nigella Sativa Gr\u00e2ce \u00e0 nos relations privil\u00e9gi\u00e9es avec de nombreux producteurs dans plusieurs pays, nous pouvons fournir de l\u2019huile de nigelle en vrac, avec des taux de thymoquinone vari\u00e9s, et des techniques d\u2019extraction qui peuvent diff\u00e9rer d\u2019un producteur \u00e0 l\u2019autre. Formulateur Formulateur de recettes en compl\u00e9ments alimentaires et cosm\u00e9tiques \u00e0 base [&hellip;]<\/p>\n","protected":false},"author":1,"featured_media":0,"parent":0,"menu_order":0,"comment_status":"closed","ping_status":"closed","template":"","meta":{"footnotes":""},"class_list":["post-115","page","type-page","status-publish","hentry"],"_links":{"self":[{"href":"https:\/\/odelialaboratoires.fr\/index.php\/wp-json\/wp\/v2\/pages\/115","targetHints":{"allow":["GET"]}}],"collection":[{"href":"https:\/\/odelialaboratoires.fr\/index.php\/wp-json\/wp\/v2\/pages"}],"about":[{"href":"https:\/\/odelialaboratoires.fr\/index.php\/wp-json\/wp\/v2\/types\/page"}],"author":[{"embeddable":true,"href":"https:\/\/odelialaboratoires.fr\/index.php\/wp-json\/wp\/v2\/users\/1"}],"replies":[{"embeddable":true,"href":"https:\/\/odelialaboratoires.fr\/index.php\/wp-json\/wp\/v2\/comments?post=115"}],"version-history":[{"count":25,"href":"https:\/\/odelialaboratoires.fr\/index.php\/wp-json\/wp\/v2\/pages\/115\/revisions"}],"predecessor-version":[{"id":390,"href":"https:\/\/odelialaboratoires.fr\/index.php\/wp-json\/wp\/v2\/pages\/115\/revisions\/390"}],"wp:attachment":[{"href":"https:\/\/odelialaboratoires.fr\/index.php\/wp-json\/wp\/v2\/media?parent=115"}],"curies":[{"name":"wp","href":"https:\/\/api.w.org\/{rel}","templated":true}]}}